base 13?
-3c9c5
-10101101010011100100 (base 2) to base 3
-1100001202010
Convert 148a823 (base 11) to base 13.
6b2522
Convert -216943 (base 14) to base 11.
-703830
Convert -3281e (base 16) to base 15.
-4146d
Convert d5d12 (base 16) to base 10.
875794
12121110010012 (base 3) to base 2
1011010111110001100111
Convert 3aa214 (base 12) to base 6.
32453224
Convert -39022a4 (base 12) to base 9.
-23062267
-132024 (base 13) to base 10
-461400
Convert 34a35b (base 12) to base 9.
1531148
85922 (base 15) to base 4
1213133330
Convert -3341011103 (base 5) to base 10.
-7360153
Convert -372363 (base 8) to base 2.
-11111010011110011
Convert 2a765 (base 12) to base 6.
1141005
Convert 5834544 (base 11) to base 7.
152444164
9401 (base 15) to base 8
75054
What is 1131412 (base 6) in base 7?
333050
30110011310 (base 4) to base 12
10b8098
Convert 5126876 (base 9) to base 16.
29b983
What is -30001250 (base 6) in base 7?
-10066230
What is -3463960 (base 11) in base 10?
-6051881
What is 3989b42 (base 13) in base 14?
2586142
-102a694 (base 13) to base 2
-10010101110000000011100
Convert 30653 (base 13) to base 2.
10101001011101101
-5033b3 (base 13) to base 11
-1063261
What is 1723515 (base 14) in base 3?
210102011221002
Convert 2000101 (base 7) to base 10.
235348
-3286709 (base 10) to base 14
-617acd
What is -5969250 (base 10) in base 13?
-1310001
What is 2023934 (base 11) in base 8?
15513263
Convert -504a31 (base 13) to base 15.
-26d2a8
Convert -2001332320 (base 4) to base 11.
-334008
Convert 2010121010112 (base 3) to base 2.
100010100110001111010
What is -41637466 (base 8) in base 5?
-4232113132
Convert 422555 (base 6) to base 5.
2044333
283b7 (base 12) to base 4
31220323
What is 107a8 (base 16) in base 13?
24950
Convert -48502 (base 9) to base 3.
-1122120002
What is -2210010002010 (base 3) in base 13?
-3c9c45
What is -91370 (base 12) in base 7?
-1414431
257099 (base 10) to base 11
166187
Convert -504514500 (base 6) to base 2.
-100000111001111100000100
Convert -2543d4 (base 14) to base 15.
-1a4188
Convert -534737 (base 8) to base 9.
-302055
What is 325520 (base 6) in base 16?
6a38
Convert -102210220021 (base 3) to base 5.
-24414402
Convert -1425bb (base 14) to base 4.
-2222130021
-2c1e9 (base 16) to base 3
-100011220002
-aa0364 (base 13) to base 4
-33100112121
What is -26444 (base 13) in base 10?
-71036
Convert -155460 (base 12) to base 3.
-200101022000
Convert -4088268 (base 10) to base 6.
-223343100
Convert 33130210 (base 4) to base 11.
43597
Convert 3366164 (base 8) to base 2.
11011110110001110100
Convert -312111223 (base 4) to base 3.
-102022022101
Convert -5310455 (base 6) to base 2.
-111111000000100011
Convert -5b87a (base 13) to base 16.
-291e9
What is 302012023 (base 4) in base 8?
620613
Convert -40406612 (base 7) to base 3.
-20022220012202
Convert 2224301120 (base 5) to base 10.
4915785
What is 207053 (base 9) in base 3?
20021001210
What is -21023 (base 4) in base 5?
-4322
Convert -761125 (base 8) to base 5.
-31121144
Convert 60312 (base 10) to base 2.
1110101110011000
Convert -46505 (base 10) to base 15.
-dba5
Convert -46cb19 (base 15) to base 4.
-30322032321
What is 3e7 (base 15) in base 3?
1020001
Convert 13433313 (base 5) to base 14.
38d61
1021012002 (base 3) to base 4
12011123
-2bbb516 (base 12) to base 16
-88ac22
What is -6302a (base 13) in base 8?
-533511
Convert 6611023 (base 11) to base 10.
11611669
Convert -135a13 (base 16) to base 4.
-10311220103
-321361 (base 7) to base 12
-28324
Convert 260aa47 (base 11) to base 4.
101100133133
Convert 239922 (base 11) to base 2.
1011100100011101101
What is -37758 (base 11) in base 8?
-151606
Convert -1546382 (base 9) to base 11.
-536386
Convert -10211302123 (base 4) to base 2.
-100100101110010011011
101010111011000000 (base 2) to base 12
858a8
What is -1067085 (base 12) in base 6?
-150532245
What is 21101330123 (base 4) in base 10?
2432795
Convert 121002232 (base 4) to base 5.
11240244
Convert a2455 (base 13) to base 4.
1012332332
What is -3d0b81 (base 14) in base 3?
-10222110102212
Convert 11110615 (base 9) to base 5.
2334134040
What is -456a0 (base 16) in base 4?
-1011122200
13002321 (base 5) to base 2
11110100110011000
What is 362524 (base 7) in base 14?
19d84
What is -1015551152 (base 6) in base 10?
-10636556
96a71 (base 16) to base 8
2265161
What is 57ac2c (base 16) in base 11?
3274921
Convert 804103 (base 15) to base 12.
20576a0
What is 1726b1 (base 15) in base 12?
461394
Convert -15460 (base 12) to base 6.
-351000
-19de2 (base 15) to base 6
-1445305
32354353 (base 6) to base 2
11101011010101011101
-109890 (base 12) to base 6
-5405500
18ac (base 16) to base 12
37a4
What is 974856 (base 13) in base 10?
3551775
What is -34555450 (base 7) in base 2?
-1011100101111111101011
Convert 160ba2 (base 13) to base 12.
223236
-430660 (base 7) to base 8
-222017
What is -1204346 (base 9) in base 8?
-2372704
-ce86 (base 15) to base 6
-534400
Convert -128211 (base 10) to base 4.
-133103103
What is -21244013 (base 5) in base 13?
-645a4
-1200504 (base 10) to base 16
-125178
What is 22838182 (base 9) in base 2?
101010011100100001100010
What is -2246318 (base 10) in base 7?
-25044014
Convert -611302 (base 15) to base 5.
-2140022202
Convert b5c802 (base 14) to base 6.
335354054
What is -1740ab (base 12) in base 4?
-1201322003
554753 (base 9) to base 14
88ba5
Convert 14177214 (base 8) to base 13.
885649
Convert -101010001101010 (base 2) to base 12.
-1060a
-204967 (base 14) to base 13
-2c1592
Convert 3779 (base 11) to base 16.
133e
-41230401 (base 5) to base 12
-142793
What is -4014142 (base 8) in base 5?
-232223233
Convert 4051352 (base 6) to base 4.
233032310
What is 2255a5 (base 12) in base 7?
4443323
What is -18392 (base 16) in base 6?
-2043202
Convert -1131101 (base 6) to base 2.
-1110010011001101
What is -221011233 (base 4) in base 15?
-34d03
What is 2577c (base 14) in base 8?
263602
-341042344 (base 6) to base 5
-3042223000
What is 1a207 (base 16) in base 15?
21a95
What is -330026 (base 12) in base 3?
-1112002101010
Convert -1c6045 (base 14) to base 6.
-33432353
-110110100111111011101 (base 2) to base 7
-21133263
What is 5327167 (base 9) in base 10?
2852719
What is -11cc5 (base 14) in base 11?
-2a904
-1a4d48 (base 15) to base 13
-35b766
What is 31725636 (base 8) in base 4?
121322232132
What is 2013132212 (base 4) in base 13?
165770
3139284 (base 10) to base 7
35453301
Convert -1433043 (base 7) to base 14.
-5055a
What is 413627 (base 9) in base 16?
3becf
-31242301 (base 5) to base 8
-772004
What is -337c3 (base 14) in base 16?
-1e85f
-5c8149 (base 15) to base 12
-1598759
557ac6 (base 14) to base 6
142113410
Convert 462165 (base 9) to base 6.
5535052
Convert 5344141 (base 7) to base 11.
404165
What is 845441 (base 9) in base 8?
1725562
79a584 (base 16) to base 4
132122112010
Convert -1311202 (base 8) to base 16.
-59282
Convert -26a13 (base 15) to base 16.
-1e378
130461 (base 9) to base 3
11000112001
Convert -213322322 (base 5) to base 7.
-10540042
Convert 10642b (base 13) to base 9.
646336
16a74b (base 14) to base 6
25030423
Convert 1002021002 (base 4) to base 6.
5450122
What is -1050060 (base 7) in base 16?
-1faa0
-20113101 (base 4) to base 11
-23813
What is -1260746 (base 9) in base 5?
-134031024
What is 11123211023 (base 4) in base 11?
892705
Convert -b09c84 (base 14) to base 8.
-26527674
-12010 (base 8) to base 5
-131003
Convert 12079025 (base 10) to base 14.
1865d97
What is -5716435 (base 9) in base 14?
-5a3195
Convert -1546510 (base 7) to base 2.
-110100001001011110
Convert 1354222 (base 7) to base 8.
542471
Convert 223664 (base 8) to base 2.
10010011110110100
What is 1165437 (base 8) in base 16?
4eb1f
Convert 4130357 (base 8) to base 5.
240000441
-1123105 (base 11) to base 9
-3625768
What is -510015 (base 11) in base 15?
-112e0c
2586622 (base 10) to base 3
11212102011211
What is -228680 (base 10) in base 4?
-313311020
What is 598474 (base 10) in base 8?
2220712
Convert 52dae9 (base 15) to base 9.
7371713
Convert -2323200 (base 6) to base 16.
-1d490
What is 91f6f (base 16) in base 7?
5040031
What is 14125534 (base 6) in base 2?
1110100110000000010
649a2 (base 11) to base 6
2004523
-1030331211 (base 4) to base 3
-121000102110
Convert 23215102 (base 6) to base 3.
1100110122102
What is 2111444243 (base 5) in base 12?
1